ve k(7).
-1217
Let b(l) = -l**2 - 263*l - 5646. Determine b(-228).
2334
Let i(b) = b**2 - 16*b - 266. What is i(17)?
-249
Let v(h) = h**2 + 12055*h - 447381. Give v(37).
23
Let k(o) = -49946*o + 449525. Calculate k(9).
11
Let l(x) = x**2 - 88*x + 666. What is l(86)?
494
Let w(z) = -90774*z - 2632458. Give w(-29).
-12
Let r(j) = 7531*j - 27426. Calculate r(4).
2698
Let q(d) = -2*d**3 + 958*d**2 - 84226*d + 1152. Give q(116).
-8
Let x(d) = 5*d**3 + 12015*d**2 - 60199*d - 14. What is x(5)?
-9
Let u(w) = -4577*w + 77765. Give u(17).
-44
Let j(q) = 6*q**2 - 188*q + 1211. Give j(4).
555
Let n(x) = x**3 - 30*x**2 - 1525*x - 836. Give n(57).
-38
Let y(l) = 4*l**3 + 31*l**2 - 42*l - 100. Calculate y(-9).
-127
Let h(x) = 27807*x - 444921. Give h(16).
-9
Let j(w) = -3*w**2 + 153*w - 760. Determine j(46).
-70
Let f(z) = -z**3 - 119*z**2 + 637*z + 2096. Determine f(-124).
-12
Let i(n) = n**3 + 9*n**2 - 251*n - 229. Determine i(-23).
-1862
Let a(x) = -11*x**2 + 37*x + 399. Calculate a(7).
119
Let u(k) = -3*k**3 + 8*k**2 + 48*k - 156. What is u(5)?
-91
Let h(b) = -b**2 + 1724*b + 307587. Determine h(-163).
6
Let s(d) = d**3 - 317*d**2 + 19123*d - 567. Calculate s(81).
0
Let d(b) = -985*b**2 + 46253*b + 1976. Calculate d(47).
2
Let u(q) = 3310*q**2 + 39715*q - 48. What is u(-12)?
12
Let d(j) = 8*j**2 + 24*j - 794. Determine d(-13).
246
Let q(b) = -631*b + 11522. What is q(19)?
-467
Let x(r) = 2*r**2 + 511*r + 30218. Calculate x(-93).
-7
Let b(m) = 2*m**2 + 2*m - 354. Give b(-24).
750
Let p(c) = c**3 + 39*c**2 + 112*c + 51. What is p(-36)?
-93
Let h(o) = -271*o**2 + 2231*o - 47. What is h(8)?
457
Let j(d) = -263*d - 29501. Determine j(-112).
-45
Let i(s) = -s**3 - 16*s**2 + 537*s + 3596. Give i(-6).
14
Let k(z) = 9*z**3 + 10*z**2 - 135*z + 123. What is k(1)?
7
Let v(u) = 3*u**3 - 33*u**2 + 53*u + 24. Determine v(2).
22
Let c(b) = 1176*b - 126. What is c(2)?
2226
Let j(s) = -5378*s - 15959. Determine j(-3).
175
Let s(v) = 55*v**2 + 487*v - 2102. Determine s(-12).
-26
Let a(j) = 6748*j - 40500. Determine a(6).
-12
Let z(p) = -p**3 + 22*p**2 + 130*p + 212. Give z(27).
77
Let b(m) = 12*m**2 - 67*m - 719. Calculate b(-9).
856
Let t(m) = -m**3 - 43*m**2 - 590*m - 10930. Determine t(-35).
-80
Let o(u) = 3*u**2 + 27596*u - 1471013. Give o(53).
2
Let x(i) = 2*i**3 + 5*i**2 - 103*i - 4. Determine x(-9).
-130
Let p(n) = -n**3 - 32*n**2 - 355*n - 2281. What is p(-20)?
19
Let x(r) = 2*r**3 + 61*r**2 - 20*r - 1503. What is x(-30)?
-3
Let f(n) = -162*n + 2872. Determine f(14).
604
Let y(f) = -32056*f + 243. Determine y(0).
243
Let n(t) = 21372*t + 15879395. Give n(-743).
-1
Let c(s) = -s**3 + 5*s**2 - 1169*s + 8293. What is c(7)?
12
Let b(t) = 242*t - 21372. Calculate b(89).
166
Let x(g) = -2*g**3 + 32*g**2 - 99*g - 35. Give x(5).
20
Let p(v) = -290*v + 3641. Calculate p(16).
-999
Let v(k) = -k**2 + 3863*k + 11592. Give v(-3).
-6
Let l(u) = -u**3 + 165*u**2 - 1126*u + 3138. Calculate l(158).
-22
Let c(h) = 4330*h - 61060. What is c(14)?
-440
Let y(g) = -48*g**2 - 63*g - 13. Calculate y(-2).
-79
Let a(p) = 324992*p - 10399756. What is a(32)?
-12
Let i(s) = -24*s - 239. Determine i(2).
-287
Let t(y) = 2*y**3 + 143*y**2 - 391*y + 136. Calculate t(-74).
1690
Let c(w) = w**3 - 2*w**2 + 3822*w - 22714. Calculate c(6).
362
Let m(b) = 2*b**2 - 1315*b + 89505. Calculate m(77).
108
Let t(j) = -j**3 - 208*j**2 + j + 193. Give t(-208).
-15
Let c(s) = -3761*s + 14536. Give c(4).
-508
Let g(j) = 29*j**2 + 1907*j - 26314. Determine g(14).
6068
Let n(o) = -5*o**2 + 189*o + 2093. Calculate n(-9).
-13
Let s(o) = -99984*o - 3899298. Calculate s(-39).
78
Let u(r) = -606*r + 9697. Give u(16).
1
Let o(l) = -44*l**3 - 576*l**2 - 530*l - 6205. Give o(-13).
9
Let t(y) = -776*y**2 + 1154685*y + 4474. Calculate t(1488).
10
Let q(c) = -8378*c - 92188. Give q(-11).
-30
Let o(h) = -7*h**2 + 2532*h + 5056. Calculate o(-2).
-36
Let p(z) = 78*z**2 - 4036*z + 2934. Calculate p(51).
-24
Let a(g) = g**2 + 120*g + 3350. Calculate a(-45).
-25
Let n(p) = 3*p**3 - 7*p**2 - 16*p + 54. What is n(5)?
174
Let v(k) = -k**3 - 174*k**2 + 9845*k - 2141. Determine v(-219).
49
Let o(g) = -523*g - 2660. What is o(-4)?
-568
Let y(t) = t**2 + 81*t + 1427. Give y(-20).
207
Let i(f) = f**3 - 76*f**2 + 977*f - 974. What is i(60)?
46
Let s(h) = 3*h**2 + 64261*h - 64261. Give s(1).
3
Let c(w) = -3*w**3 - 57*w**2 - 171*w + 306. Give c(-5).
111
Let c(x) = -376*x - 35. Calculate c(5).
-1915
Let d(h) = -2822*h - 141128. Determine d(-50).
-28
Let z(v) = v**2 - 3047*v - 15267. Calculate z(-5).
-7
Let b(i) = -869*i + 105152. What is b(121)?
3
Let m(w) = -20790*w - 478165. Determine m(-23).
5
Let f(s) = 23268*s - 931029. Determine f(40).
-309
Let l(t) = t**3 + 240*t**2 - 263*t - 4788. Determine l(-241).
514
Let m(q) = 10*q**3 - 423*q**2 - 1725*q + 1012. Determine m(46).
-46
Let a(s) = -26*s**2 - 543*s - 181. Determine a(-21).
-244
Let r(a) = -4382*a + 2766. What is r(0)?
2766
Let f(p) = 36*p**2 + 224*p + 2056. Determine f(-11).
3948
Let d(a) = 465489*a - 5120394. Calculate d(11).
-15
Let n(i) = 529*i**2 + 51*i + 86. Give n(-2).
2100
Let b(s) = -s**3 - 46*s**2 - 214*s - 3524. Give b(-39).
-5825
Let n(b) = 483*b + 21164. Give n(-44).
-88
Let s(w) = 6250*w + 1937495. Calculate s(-310).
-5
Let r(n) = 6*n**3 - 25*n**2 - 391*n + 833. What is r(2)?
-1
Let f(i) = 2*i**3 + 34*i**2 - 53*i - 23. What is f(2)?
23
Let u(z) = z**3 - 485*z**2 + 31416*z + 20. Give u(77).
20
Let o(y) = -16*y**2 - 1304*y - 9118. Calculate o(-8).
290
Let v(k) = 226*k - 28006. Determine v(142).
4086
Let v(w) = 2*w**3 + w**2 - 24*w - 38. Determine v(-4).
-54
Let p(b) = 2*b**2 + 1629*b + 328216. Give p(-449).
-3
Let m(x) = -3*x**2 - 30*x - 220. Give m(-20).
-820
Let d(h) = -h**2 + 74*h + 68. Give d(82).
-588
Let v(t) = -29702*t + 564315. Determine v(19).
-23
Let n(c) = 386*c + 10269. What is n(-25)?
619
Let o(b) = -447870*b + 1343621. Give o(3).
11
Let q(u) = 62*u**2 + 1236*u + 6141. What is q(-10)?
-19
Let h(d) = -12*d**2 + 306*d + 168. What is h(26)?
12
Let x(u) = -2544*u + 11847. What is x(5)?
-873
Let n(m) = -10*m - 661. Calculate n(-96).
299
Let r(b) = -10*b**2 + 558*b - 5758. What is r(42)?
38
Let b(x) = 10*x**2 - 1428*x - 15782. What is b(-11)?
1136
Let k(i) = -881*i**3 - 48*i**2 - 123*i - 42. Give k(-2).
7060
Let d(u) = 53194*u - 638326. What is d(12)?
2
Let s(n) = -n**2 - 23*n + 1248. Calculate s(26).
-26
Let s(v) = 5*v**3 - 35*v**2 + 23*v - 22. What is s(6)?
-64
Let c(k) = -24*k**2 + 988*k - 296. Give c(40).
824
Let s(k) = -3*k**2 + 1483*k - 5888. Determine s(4).
-4
Let t(a) = -2*a**3 - 149*a**2 + 538*a - 621. Give t(-78).
3
Let f(h) = 3*h**3 + 171*h**2 + 325*h - 471. Give f(-55).
-196
Let s(d) = -34*d**2 + 300*d - 3792. Determine s(12).
-5088
Let t(p) = 145489*p + 1018435. What is t(-7)?
12
Let t(u) = 3*u**2 - 358*u + 7396. Give t(21).
1201
Let l(r) = -3*r**3 + 51*r**2 - 175*r + 3010. Give l(17).
35
Let r(z) = z**2 + 869*z + 187753. What is r(-467)?
19
Let v(s) = -45*s**3 - 84*s**2 + 33*s + 109. What is v(-4)?
1513
Let i(t) = t**3 - 6*t**2 - 1030. Calculate i(0).
-1030
Let q(b) = -b**2 + 581*b - 32160. Calculate q(519).
18
Let a(k) = -k**3 - 76*k**2 + 242*k - 614. Give a(-79).
-1009
Let b(u) = -4*u**2 + 723*u - 19853. Calculate b(147).
-8
Let v(s) = -15117*s**2 - 30232*s + 10. What is v(-2)?
6
Let y(v) = 13*v**3 + 17*v**2 - 51*v + 37. Give y(2).
107
Let y(w) = -2011*w + 961241. What is y(478)?
-17
Let x(f) = 15*f**2 - 97*f - 1243. Determine x(-10).
1227
Let n(v) = v**3 - 276*v**2 - 304*v + 7534. What is n(277)?
55
Let n(l) = -3*l**3 - 3112*l**2 + 17766*l + 36486. Calculate n(-1043).
-19
Let s(p) = p**3 - 20*p**2 + 2701*p - 54154. What is s(20)?
-134
Let r(t) = 234145*t + 702439. What is r(-3)?
4
Let g(v) = -76*v**2 + 464*v - 65. Give g(6).
-17
Let h(t) = -403*t**2 + 25882*t - 5761. Give h(64).
-1
Let y(o) = 13766*o + 13815. What is y(-1)?
49
Let y(o) = o**3 - 20*o**2 - 117*o + 1968. Give y(21).
-48
Let b(u) = -3552*u + 10758. What is b(3)?
102
Let a(z) = -5*z**2 - 4903*z - 105442. Calculate a(-22).
4
Let x(w) = -73*w**2 - 2936*w - 628. What is x(-40)?
12
Let f(g) = -2*g**2 + 24569*g + 24568. Calculate f(-1).
-3
Let j(m) = 891*m + 7400. Calculate j(-10).
-1510
Let d(t) = 18*t - 2967. Determine d(163).
-33
Let k(g) = 1896*g - 35469. What is k(19)?
555
Let f(u) = -